{"id":1083,"date":"2014-02-24T12:14:50","date_gmt":"2014-02-24T11:14:50","guid":{"rendered":"http:\/\/www.tamnaren.se\/?page_id=1083"},"modified":"2025-11-25T08:45:47","modified_gmt":"2025-11-25T07:45:47","slug":"den-29-mars-blir-vi-en-egen-forening","status":"publish","type":"page","link":"https:\/\/www.tamnaren.se\/?page_id=1083","title":{"rendered":"Nu \u00e4r vi en egen f\u00f6rening!"},"content":{"rendered":"<p><a href=\"http:\/\/www.tamnaren.se\/wp-content\/uploads\/2014\/02\/DSC00965.jpg\"><img fetchpriority=\"high\" decoding=\"async\" class=\"alignnone wp-image-1111 size-full\" src=\"http:\/\/www.tamnaren.se\/wp-content\/uploads\/2014\/02\/DSC00965.jpg\" alt=\"DSC00965\" width=\"960\" height=\"407\" srcset=\"https:\/\/www.tamnaren.se\/wp-content\/uploads\/2014\/02\/DSC00965.jpg 960w, https:\/\/www.tamnaren.se\/wp-content\/uploads\/2014\/02\/DSC00965-300x127.jpg 300w, https:\/\/www.tamnaren.se\/wp-content\/uploads\/2014\/02\/DSC00965-500x211.jpg 500w\" sizes=\"(max-width: 960px) 100vw, 960px\" \/><\/a> Ett 40 tal intresserade var n\u00e4rvarande i Birgittag\u00e5rden i Harbo den 29 mars 2014 och tog beslutet att bilda F\u00f6reningen T\u00e4mnarens Vatten . De f\u00f6reslagna <a href=\"http:\/\/www.tamnaren.se\/wp-content\/uploads\/2014\/02\/F\u00f6rslag-till-Stadgar-T\u00e4mnaren-2014-01-03.pdf\">stadgarna<\/a> antogs och en\u00a0interimstyrelse valdes. F\u00f6reningens uppgift kommer att vara m\u00e5lmedvetet bilda opinion f\u00f6r och utveckla sj\u00f6n T\u00e4mnaren. Medlem i f\u00f6reningen kan den som \u00e4r intresserad att verka f\u00f6r och st\u00f6dja f\u00f6reningens \u00e4ndam\u00e5l, \u00e4r du intresserad att bli medlem? H\u00f6r av dig till\u00a0<a href=\"mailto:ulf@tamnaren.se\"><em>ulf@tamnaren.se<\/em><\/a> L\u00e4s vad Uppsala Nya Tidning skrev om v\u00e5rt m\u00f6te p\u00e5\u00a0<a href=\"http:\/\/www.tamnaren.se\/wp-content\/uploads\/2014\/03\/unt140329.pdf\" target=\"_blank\" rel=\"noopener\">unt140329<\/a> och i papperstidningen:<br \/>\n<a href=\"http:\/\/www.tamnaren.se\/wp-content\/uploads\/2014\/03\/unt140330.jpg\"><img decoding=\"async\" src=\"http:\/\/www.tamnaren.se\/wp-content\/uploads\/2014\/03\/unt140330-150x150.jpg\" alt=\"unt140330\" width=\"150\" height=\"150\" \/><\/a><\/p>\n<p>\u00c4ven V\u00e4stra Uppland hade en artikel om oss f\u00f6re m\u00f6tet:<br \/>\n<a href=\"http:\/\/www.tamnaren.se\/wp-content\/uploads\/2014\/03\/vastra-uppland-140326.jpg\"><img decoding=\"async\" src=\"http:\/\/www.tamnaren.se\/wp-content\/uploads\/2014\/03\/vastra-uppland-140326-233x300.jpg\" alt=\"vastra-uppland-140326\" width=\"160\" height=\"183\" \/><\/a><\/p>\n<p><a href=\"http:\/\/www.tamnaren.se\/wp-content\/uploads\/2014\/02\/DSC00970.jpg\"><img loading=\"lazy\" decoding=\"async\" class=\"alignnone wp-image-1112 size-full\" src=\"http:\/\/www.tamnaren.se\/wp-content\/uploads\/2014\/02\/DSC00970.jpg\" alt=\"DSC00970\" width=\"960\" height=\"444\" srcset=\"https:\/\/www.tamnaren.se\/wp-content\/uploads\/2014\/02\/DSC00970.jpg 960w, https:\/\/www.tamnaren.se\/wp-content\/uploads\/2014\/02\/DSC00970-300x138.jpg 300w, https:\/\/www.tamnaren.se\/wp-content\/uploads\/2014\/02\/DSC00970-500x231.jpg 500w\" sizes=\"(max-width: 960px) 100vw, 960px\" \/><\/a> <strong>Interimstyrelsen<\/strong> bestod av: Ordf\u00f6rande Ulf Nygren, Vice ordf\u00f6rande Kjell S\u00f6derberg, sekreterare Birgitta Olsson, kass\u00f6r Mark Veldius och \u00f6vriga ledam\u00f6ter Per M\u00f6ller och Sven-Erik Eriksson. <em>Foto: Kajsa Nygren<\/em><\/p>\n","protected":false},"excerpt":{"rendered":"<p>Ett 40 tal intresserade var n\u00e4rvarande i Birgittag\u00e5rden i Harbo den 29 mars 2014 och tog beslutet att bilda F\u00f6reningen T\u00e4mnarens Vatten . De f\u00f6reslagna stadgarna antogs och en\u00a0interimstyrelse valdes. F\u00f6reningens uppgift kommer att vara m\u00e5lmedvetet bilda opinion f\u00f6r och utveckla sj\u00f6n T\u00e4mnaren. Medlem i f\u00f6reningen kan den som \u00e4r intresserad att verka f\u00f6r och&hellip;&nbsp;<a href=\"https:\/\/www.tamnaren.se\/?page_id=1083\" rel=\"bookmark\"><span class=\"screen-reader-text\">Nu \u00e4r vi en egen f\u00f6rening!<\/span><\/a><\/p>\n","protected":false},"author":5,"featured_media":0,"parent":0,"menu_order":2,"comment_status":"closed","ping_status":"open","template":"sidebar-page.php","meta":{"neve_meta_sidebar":"","neve_meta_container":"","neve_meta_enable_content_width":"","neve_meta_content_width":0,"neve_meta_title_alignment":"","neve_meta_author_avatar":"","neve_post_elements_order":"","neve_meta_disable_header":"","neve_meta_disable_footer":"","neve_meta_disable_title":"","footnotes":""},"class_list":["post-1083","page","type-page","status-publish","hentry"],"_links":{"self":[{"href":"https:\/\/www.tamnaren.se\/index.php?rest_route=\/wp\/v2\/pages\/1083","targetHints":{"allow":["GET"]}}],"collection":[{"href":"https:\/\/www.tamnaren.se\/index.php?rest_route=\/wp\/v2\/pages"}],"about":[{"href":"https:\/\/www.tamnaren.se\/index.php?rest_route=\/wp\/v2\/types\/page"}],"author":[{"embeddable":true,"href":"https:\/\/www.tamnaren.se\/index.php?rest_route=\/wp\/v2\/users\/5"}],"replies":[{"embeddable":true,"href":"https:\/\/www.tamnaren.se\/index.php?rest_route=%2Fwp%2Fv2%2Fcomments&post=1083"}],"version-history":[{"count":25,"href":"https:\/\/www.tamnaren.se\/index.php?rest_route=\/wp\/v2\/pages\/1083\/revisions"}],"predecessor-version":[{"id":1462,"href":"https:\/\/www.tamnaren.se\/index.php?rest_route=\/wp\/v2\/pages\/1083\/revisions\/1462"}],"wp:attachment":[{"href":"https:\/\/www.tamnaren.se\/index.php?rest_route=%2Fwp%2Fv2%2Fmedia&parent=1083"}],"curies":[{"name":"wp","href":"https:\/\/api.w.org\/{rel}","templated":true}]}}