{"id":21,"date":"2013-03-19T11:50:27","date_gmt":"2013-03-19T11:50:27","guid":{"rendered":"http:\/\/tamnaren.se\/?page_id=21"},"modified":"2025-11-25T14:17:19","modified_gmt":"2025-11-25T13:17:19","slug":"info-om","status":"publish","type":"page","link":"https:\/\/www.tamnaren.se\/?page_id=21","title":{"rendered":"F\u00e5geltornet"},"content":{"rendered":"\n<h1 class=\"wp-block-heading\">F\u00e5gelsk\u00e5dning<\/h1>\n\n\n\n<h2 class=\"wp-block-heading\">Invigning av f\u00e5geltorn T\u00e4mnaren<\/h2>\n\n\n\n<p>V\u00e4lkommen till invigning av renoverade f\u00e5geltornet vid Sj\u00f6bo, T\u00e4mnaren!<\/p>\n\n\n\n<p>L\u00e4s mer: <a href=\"http:\/\/tamnaren.se\/wp-content\/uploads\/2013\/03\/invigningfageltorn.pdf\">Invigning f\u00e5geltorn (pdf)<\/a><\/p>\n\n\n\n<h2 class=\"wp-block-heading\">F\u00e5geltornet vid Sj\u00f6bo T\u00e4mnaren<\/h2>\n\n\n\n<div>\n<p>T\u00e4mnarens Vattenr\u00e5d fick 2010 pengar fr\u00e5n Sala Sparbank f\u00f6r att rusta upp f\u00e5geltornet vid Sj\u00f6bo. V\u00e4gen dit har varit igenv\u00e4xt sedan m\u00e5nga \u00e5r och tornet vandaliserat, bl a var ytterd\u00f6rren borta, liksom 5 av nio f\u00f6nster. Troligen har man kastat dessa i \u00e5n som flyter f\u00f6rbi ut i T\u00e4mnaren.<\/p>\n<p>Nu \u00e4r 400 m g\u00e5ngv\u00e4g l\u00e4ngs \u00e5n fr\u00e5n Sj\u00f6bo r\u00f6jd och framkomlig, tornet har f\u00e5tt d\u00f6rr och f\u00f6nster ersatta och dessutom p\u00e5g\u00e5r bygge av en tr\u00e4plattform med brygga&nbsp;nedanf\u00f6r tornet f\u00f6r att man skall kunna n\u00e5 det med b\u00e5t.<\/p>\n<p>Invigning av tornet skedde l\u00f6rdag 5 maj 2012.<\/p>\n<p>Mer info, v\u00e4gbeskrivning, koordinater mm kan sammanst\u00e4llas i den form ni \u00f6nskar. V\u00e4gen kommer att skyltas fr\u00e5n landsv\u00e4gen mellan \u00d6sterv\u00e5la och M\u00e5nkarbo fram till parkering vid Sj\u00f6bo (\u00f6detorp).<\/p>\n<p>Med v\u00e4nlig h\u00e4lsning<\/p>\n<p>Kurt Eriksson<br>\nSekr. \u00d6sterv\u00e5la Utvecklingsr\u00e5d<br>\n0292-10707, 070-358 3489<\/p>\n<\/div>\n","protected":false},"excerpt":{"rendered":"<p>F\u00e5gelsk\u00e5dning Invigning av f\u00e5geltorn T\u00e4mnaren V\u00e4lkommen till invigning av renoverade f\u00e5geltornet vid Sj\u00f6bo, T\u00e4mnaren! L\u00e4s mer: Invigning f\u00e5geltorn (pdf) F\u00e5geltornet vid Sj\u00f6bo T\u00e4mnaren T\u00e4mnarens Vattenr\u00e5d fick 2010 pengar fr\u00e5n Sala Sparbank f\u00f6r att rusta upp f\u00e5geltornet vid Sj\u00f6bo. V\u00e4gen dit har varit igenv\u00e4xt sedan m\u00e5nga \u00e5r och tornet vandaliserat, bl a var ytterd\u00f6rren borta, liksom&hellip;&nbsp;<a href=\"https:\/\/www.tamnaren.se\/?page_id=21\" rel=\"bookmark\"><span class=\"screen-reader-text\">F\u00e5geltornet<\/span><\/a><\/p>\n","protected":false},"author":1,"featured_media":0,"parent":0,"menu_order":0,"comment_status":"closed","ping_status":"closed","template":"sidebar-page.php","meta":{"neve_meta_sidebar":"","neve_meta_container":"","neve_meta_enable_content_width":"","neve_meta_content_width":0,"neve_meta_title_alignment":"","neve_meta_author_avatar":"","neve_post_elements_order":"","neve_meta_disable_header":"","neve_meta_disable_footer":"","neve_meta_disable_title":"","footnotes":""},"class_list":["post-21","page","type-page","status-publish","hentry"],"_links":{"self":[{"href":"https:\/\/www.tamnaren.se\/index.php?rest_route=\/wp\/v2\/pages\/21","targetHints":{"allow":["GET"]}}],"collection":[{"href":"https:\/\/www.tamnaren.se\/index.php?rest_route=\/wp\/v2\/pages"}],"about":[{"href":"https:\/\/www.tamnaren.se\/index.php?rest_route=\/wp\/v2\/types\/page"}],"author":[{"embeddable":true,"href":"https:\/\/www.tamnaren.se\/index.php?rest_route=\/wp\/v2\/users\/1"}],"replies":[{"embeddable":true,"href":"https:\/\/www.tamnaren.se\/index.php?rest_route=%2Fwp%2Fv2%2Fcomments&post=21"}],"version-history":[{"count":13,"href":"https:\/\/www.tamnaren.se\/index.php?rest_route=\/wp\/v2\/pages\/21\/revisions"}],"predecessor-version":[{"id":1466,"href":"https:\/\/www.tamnaren.se\/index.php?rest_route=\/wp\/v2\/pages\/21\/revisions\/1466"}],"wp:attachment":[{"href":"https:\/\/www.tamnaren.se\/index.php?rest_route=%2Fwp%2Fv2%2Fmedia&parent=21"}],"curies":[{"name":"wp","href":"https:\/\/api.w.org\/{rel}","templated":true}]}}