{"id":445,"date":"2013-03-22T13:35:02","date_gmt":"2013-03-22T12:35:02","guid":{"rendered":"http:\/\/tamnaren.se\/?page_id=445"},"modified":"2025-11-26T09:38:30","modified_gmt":"2025-11-26T08:38:30","slug":"vattenforvaltning","status":"publish","type":"page","link":"https:\/\/www.tamnaren.se\/?page_id=445","title":{"rendered":"Vattenf\u00f6rvaltning"},"content":{"rendered":"\n<p><a href=\"http:\/\/tamnaren.se\/wp-content\/uploads\/2013\/03\/UPPLANDS-\u00c5AR-TILL-HAVET.pdf\">Upplands \u00e5ar till havet (pdf)<\/a><\/p>\n\n\n\n<p><a href=\"http:\/\/tamnaren.se\/wp-content\/uploads\/2013\/03\/Vattenf\u00f6rvaltning.pdf\">Vattenf\u00f6rvaltning (pdf)<\/a><\/p>\n\n\n\n<p><a href=\"http:\/\/tamnaren.se\/wp-content\/uploads\/2013\/03\/Vattenmyndigheternas-\u00e5rsrapport-2012.pdf\">Vattenmyndigheternas \u00e5rsrapport 2012 (pdf)<\/a><\/p>\n\n\n\n<p><a href=\"http:\/\/tamnaren.se\/wp-content\/uploads\/2013\/03\/\u00d6VERSV\u00c4MNINGSKARTERING-L\u00c4NGS-T\u00c4MNAR\u00c5N.pdf\">\u00d6versv\u00e4mningskartering l\u00e4ngs T\u00e4mnar\u00e5n (pdf)<\/a><\/p>\n","protected":false},"excerpt":{"rendered":"<p>Upplands \u00e5ar till havet (pdf) Vattenf\u00f6rvaltning (pdf) Vattenmyndigheternas \u00e5rsrapport 2012 (pdf) \u00d6versv\u00e4mningskartering l\u00e4ngs T\u00e4mnar\u00e5n (pdf)<\/p>\n","protected":false},"author":1,"featured_media":0,"parent":0,"menu_order":0,"comment_status":"closed","ping_status":"closed","template":"sidebar-page.php","meta":{"neve_meta_sidebar":"","neve_meta_container":"","neve_meta_enable_content_width":"","neve_meta_content_width":0,"neve_meta_title_alignment":"","neve_meta_author_avatar":"","neve_post_elements_order":"","neve_meta_disable_header":"","neve_meta_disable_footer":"","neve_meta_disable_title":"","footnotes":""},"class_list":["post-445","page","type-page","status-publish","hentry"],"_links":{"self":[{"href":"https:\/\/www.tamnaren.se\/index.php?rest_route=\/wp\/v2\/pages\/445","targetHints":{"allow":["GET"]}}],"collection":[{"href":"https:\/\/www.tamnaren.se\/index.php?rest_route=\/wp\/v2\/pages"}],"about":[{"href":"https:\/\/www.tamnaren.se\/index.php?rest_route=\/wp\/v2\/types\/page"}],"author":[{"embeddable":true,"href":"https:\/\/www.tamnaren.se\/index.php?rest_route=\/wp\/v2\/users\/1"}],"replies":[{"embeddable":true,"href":"https:\/\/www.tamnaren.se\/index.php?rest_route=%2Fwp%2Fv2%2Fcomments&post=445"}],"version-history":[{"count":6,"href":"https:\/\/www.tamnaren.se\/index.php?rest_route=\/wp\/v2\/pages\/445\/revisions"}],"predecessor-version":[{"id":1529,"href":"https:\/\/www.tamnaren.se\/index.php?rest_route=\/wp\/v2\/pages\/445\/revisions\/1529"}],"wp:attachment":[{"href":"https:\/\/www.tamnaren.se\/index.php?rest_route=%2Fwp%2Fv2%2Fmedia&parent=445"}],"curies":[{"name":"wp","href":"https:\/\/api.w.org\/{rel}","templated":true}]}}