{"id":927,"date":"2013-07-03T07:24:51","date_gmt":"2013-07-03T05:24:51","guid":{"rendered":"http:\/\/tamnaren.se\/?page_id=927"},"modified":"2013-07-03T21:26:07","modified_gmt":"2013-07-03T19:26:07","slug":"rapporter","status":"publish","type":"page","link":"https:\/\/www.tamnaren.se\/?page_id=927","title":{"rendered":"Rapporter"},"content":{"rendered":"<p><a href=\"http:\/\/tamnaren.se\/wp-content\/uploads\/2013\/03\/PROJEKT-SKA-R\u00c4DDA-T\u00c4MNAREN1.pdf\">Projekt ska r\u00e4dda T\u00e4mnaren<\/a><\/p>\n<p><a href=\"http:\/\/tamnaren.se\/wp-content\/uploads\/2013\/03\/RAPPORT-TILL-UTVECKLINGSR\u00c5D-2012.pdf\">Rapport till Utvecklingsr\u00e5d 2012<\/a><\/p>\n<p><a href=\"http:\/\/tamnaren.se\/wp-content\/uploads\/2013\/03\/T\u00c4MNAREN-Verksamhetsber\u00e4ttelse-f\u00f6r-\u00e5r-2012.pdf\">T\u00e4mnarens Verksamhetsber\u00e4ttelse f\u00f6r \u00e5r 2012<\/a><\/p>\n<p><a href=\"http:\/\/tamnaren.se\/wp-content\/uploads\/2013\/03\/Uppsala-kommun-SH-T\u00e4mnaren.pdf\">Uppsala kommun SH &#8211; T\u00e4mnaren<\/a><\/p>\n<p><a href=\"http:\/\/tamnaren.se\/wp-content\/uploads\/2013\/03\/INBJUDAN-TILL-T\u00c4MNARENS-VATTENR\u00c5D.pdf\">Inbjudan till T\u00e4mnarens Vattenr\u00e5d<\/a><\/p>\n","protected":false},"excerpt":{"rendered":"<p>Projekt ska r\u00e4dda T\u00e4mnaren Rapport till Utvecklingsr\u00e5d 2012 T\u00e4mnarens Verksamhetsber\u00e4ttelse f\u00f6r \u00e5r 2012 Uppsala kommun SH &#8211; T\u00e4mnaren Inbjudan till T\u00e4mnarens Vattenr\u00e5d<\/p>\n","protected":false},"author":1,"featured_media":0,"parent":0,"menu_order":0,"comment_status":"closed","ping_status":"open","template":"","meta":{"neve_meta_sidebar":"","neve_meta_container":"","neve_meta_enable_content_width":"","neve_meta_content_width":0,"neve_meta_title_alignment":"","neve_meta_author_avatar":"","neve_post_elements_order":"","neve_meta_disable_header":"","neve_meta_disable_footer":"","neve_meta_disable_title":"","footnotes":""},"class_list":["post-927","page","type-page","status-publish","hentry"],"_links":{"self":[{"href":"https:\/\/www.tamnaren.se\/index.php?rest_route=\/wp\/v2\/pages\/927","targetHints":{"allow":["GET"]}}],"collection":[{"href":"https:\/\/www.tamnaren.se\/index.php?rest_route=\/wp\/v2\/pages"}],"about":[{"href":"https:\/\/www.tamnaren.se\/index.php?rest_route=\/wp\/v2\/types\/page"}],"author":[{"embeddable":true,"href":"https:\/\/www.tamnaren.se\/index.php?rest_route=\/wp\/v2\/users\/1"}],"replies":[{"embeddable":true,"href":"https:\/\/www.tamnaren.se\/index.php?rest_route=%2Fwp%2Fv2%2Fcomments&post=927"}],"version-history":[{"count":2,"href":"https:\/\/www.tamnaren.se\/index.php?rest_route=\/wp\/v2\/pages\/927\/revisions"}],"predecessor-version":[{"id":1006,"href":"https:\/\/www.tamnaren.se\/index.php?rest_route=\/wp\/v2\/pages\/927\/revisions\/1006"}],"wp:attachment":[{"href":"https:\/\/www.tamnaren.se\/index.php?rest_route=%2Fwp%2Fv2%2Fmedia&parent=927"}],"curies":[{"name":"wp","href":"https:\/\/api.w.org\/{rel}","templated":true}]}}